t s be l(i). What is the highest common divisor of 7 and s?
7
Suppose -q + 3*w = -14276, -3*q = -4*q - w + 14304. What is the greatest common divisor of q and 68?
17
Let s be 2/10 - 133/(-35). Let v be 3/(-3 + 0) + (2 - -67). Suppose v = s*l - 32. What is the highest common factor of 200 and l?
25
Let u(r) = r**3 - 16*r**2 + 17*r - 2. Let j be u(15). Let w be (-13)/((-26)/j) + -1 + -2. Calculate the highest common divisor of 88 and w.
11
Let h be ((-4)/(-3))/(-17*(-38)/2907). What is the greatest common divisor of h and 8?
2
Let n(v) = -v**3 - 6*v**2 - 7*v - 3. Let f be n(-5). Let q = -80 - -129. Let m be q/((-2)/5*105/(-42)). Calculate the highest common divisor of m and f.
7
Suppose 0 = -p + 4 + 8. Let k(x) = 32*x - 1060. Let o be k(38). What is the highest common factor of p and o?
12
Let l be ((-200)/(-16))/((-2)/(-12)). Let p = -5390 - -5565. Calculate the highest common factor of p and l.
25
Let n = -6110 + 6262. Suppose f - 35 = 3*v, 0*f - 4*v + 144 = 3*f. Let d = 63 - f. Calculate the highest common divisor of d and n.
19
Suppose 68 = 4*b + 2*c, -c - 51 = -3*b - 5*c. Suppose b*d = 14*d + 72. Let s be 62/3 + 4/d*-4. Calculate the highest common divisor of 40 and s.
20
Suppose -4*i = -51 + 111. Let h(q) = q**2 + 21*q + 109. Let k be h(i). Suppose 157 + 147 = 2*u. What is the highest common divisor of u and k?
19
Let k = -86 - -145. Suppose -4*r - 240 = r - 2*b, -15 = 3*b. Let z = k + r. What is the highest common divisor of 6 and z?
3
Let i(c) = 5*c + 6. Let o(x) = -12*x - 12. Let l(n) = -5*i(n) - 2*o(n). Let z be l(-15). What is the greatest common factor of z and 3?
3
Let x(q) = -q**3 - q**2 + 10*q + 18. Let v be x(-4). Let g = 254 + 19. Calculate the greatest common factor of v and g.
13
Suppose 9625 = 65*x - 30*x. What is the highest common factor of 775 and x?
25
Suppose 405 = u - 6*u + 5*y, -4*y - 405 = 5*u. Let q = u + 198. Let j be 1/(-2)*(9 - q). Calculate the highest common divisor of j and 81.
27
Suppose 2 = 8*m - 734. Let x = 372 - m. Suppose -18*p + x = -13*p. Calculate the greatest common divisor of 7 and p.
7
Let f(q) = 17*q**2 + 507*q - 50. Let m be f(-30). What is the highest common divisor of m and 1?
1
Let l = 108 - 97. Suppose 5*d = -l*g + 7*g + 80, -3*g + 2*d + 60 = 0. What is the greatest common factor of g and 280?
20
Suppose 0 = -b + 7*f - 2*f - 45, -4*b - 3*f = 272. Let r be (3 - -1) + b + -4. Let o = -39 - r. What is the highest common divisor of 286 and o?
26
Suppose -4*w - 2*j = 25 - 65, -4*w = -3*j - 60. Suppose -m + 5*g + 46 = 0, w*m - 5*g - 310 = 7*m. Calculate the highest common factor of m and 66.
66
Suppose 0 = -20*j + 24*j + 5*p - 65, -2*j + 15 = -p. Let c be (-7)/(-35)*-4 - (-648)/j. What is the highest common factor of 24 and c?
8
Let t be (-90)/(13 - 243/18). What is the greatest common divisor of 2250 and t?
90
Suppose 2892*d - 2900*d = -24. Suppose 2*h = r + 526, -24*h + d*r - 518 = -26*h. Calculate the highest common factor of 2 and h.
2
Let h(u) = 6*u - 4*u - 25 - 116 + 7*u. Let x be h(17). What is the greatest common factor of x and 12?
12
Let v = -17 + 30. Let f = 16 - v. Suppose -492 = -4*g + f*d, -g - 2*g = 2*d - 352. What is the highest common divisor of 24 and g?
24
Let r(l) = l**3 + 11*l**2 + 9*l + 6. Let s be r(-6). Suppose 1853 + 1447 = 12*t - 660. What is the highest common divisor of t and s?
66
Suppose 12*z + 2*z + 9 = 849. What is the highest common factor of z and 465?
15
Let t(i) = -i**2 + 4*i + 4. Suppose r + 0*z - 5*z = -12, -2*z = -3*r + 3. Let j be t(r). Let f = j + 7. What is the greatest common factor of 70 and f?
14
Suppose 0 = -a, 0 = -71*n + 69*n + 2*a + 2. Let j = -4 + 20. Calculate the highest common divisor of j and n.
1
Suppose 172 = -3*o + 142. Let a be (65/o - -1)*-14. Calculate the greatest common factor of 7 and a.
7
Let y = 1723 + -1675. What is the greatest common divisor of 93 and y?
3
Let c be -2 - (-176 + -1 + 1). Suppose -100 = 2*k - 8*h, -4*k + 175*h = 171*h + 32. What is the greatest common divisor of k and c?
6
Suppose -281 = -5*i - 5*c - 71, -c - 3 = 0. Suppose -41*f + i*f - 72 = 0. Let b be 3 - (240/(-2) - 3). What is the highest common factor of b and f?
18
Suppose -63*b + 3913 + 4427 = 24. Calculate the highest common factor of b and 900.
12
Let d = 15 + -12. Suppose 4*y = d*z + 43, 4*y - 13 - 26 = -z. What is the highest common factor of y and 130?
10
Let q be ((-19845)/588)/((-9)/120). What is the greatest common factor of 1242 and q?
18
Suppose 3*l + 2*l - 745 = 2*r, -4*l = -r - 371. Let y = 635 + r. What is the highest common factor of 20 and y?
20
Let y be (-84)/(-49) - 4/(-14). Suppose 5*i - 5*z + 23 = 153, -y*i + z + 54 = 0. What is the greatest common factor of i and 98?
14
Suppose 167 - 370 = -t. Calculate the highest common divisor of t and 4669.
203
Suppose 0 = 2*m + a + 763, -13*a + 16*a + 15 = 0. Let h = -345 - m. Calculate the highest common divisor of h and 153.
17
Suppose -5*g - 1484 = -g. Let m = g + 580. Let a(b) = -58*b - 387. Let o be a(-7). Calculate the greatest common factor of o and m.
19
Let k(y) = y + 21. Let s be k(-6). Suppose s*b - 863 - 817 = 0. What is the highest common factor of b and 32?
16
Suppose 4*w - 191*w + 84150 = 0. What is the greatest common divisor of w and 60?
30
Let h(w) = -4*w + 2. Let s be h(-4). Let y(k) = 342*k + 4806. Let i be y(-14). What is the highest common factor of i and s?
18
Let v be 95/15 - (3/9 + 0). Suppose -d = v*d + 1022. Let i = 256 + d. What is the greatest common factor of 44 and i?
22
Let g = -116 + 121. Let k be (-5 - g/2)*(-64)/6. Let d = k + -62. Calculate the highest common factor of 162 and d.
18
Let a be -6 - ((-32)/12)/(2/93). What is the greatest common factor of a and 8?
2
Let p(s) = -7*s**2 - 57*s + 211. Let b(x) = 11*x**2 + 85*x - 316. Let v(h) = 5*b(h) + 8*p(h). Let d be v(-33). Calculate the highest common factor of d and 357.
21
Let a(g) = g**3 + 8*g**2 - 2*g - 8. Let p be a(-8). Suppose -14*m + 1305 = -991. What is the highest common divisor of p and m?
4
Let v = 13855 - 13841. What is the highest common factor of 158 and v?
2
Let c be (432/(-45))/((-21)/315). What is the greatest common divisor of c and 1314?
18
Suppose -49*n + 14*n + 174 + 71 = 0. Calculate the greatest common factor of 32 and n.
1
Suppose -12*q - 9*q + 2438 = 32*q. Calculate the greatest common factor of q and 26.
2
Suppose 19*d + 368 = -4*d. Let y be (-4842)/(-24) - 36/d. Let b(s) = s + 7. Let h be b(5). What is the highest common divisor of y and h?
12
Suppose 0 = -107*b + 4204 - 673. Calculate the greatest common factor of b and 825.
33
Let l(w) = w**2 + w + 510. Let r = 921 + -921. Let x be l(r). Calculate the greatest common divisor of x and 30.
30
Let n(t) = 70*t + 954. Let v be n(6). What is the greatest common factor of 6 and v?
6
Let f = 25536 + -25473. Calculate the greatest common factor of f and 55503.
63
Suppose -4*g - 2 = -m - m, -5*g = 5*m - 35. Suppose -2*a + 2*b = -a - 13, 5*a = g*b + 33. Suppose a*i - 57 = -12. What is the highest common factor of 72 and i?
9
Suppose -5*y = -2*y - 6, -3*s + 1051 = 5*y. Let j = s + -320. Calculate the greatest common factor of j and 36.
9
Let a(b) = -b**3 + 5*b**2 + 12*b + 8. Let s be a(7). Let v be 6*(-3)/s + (-4 - -55). Suppose 3*j = 6*j - v. Calculate the greatest common factor of j and 36.
18
Suppose -5 = -5*t, c + t + 2331 = 5*c. Suppose -c + 1444 = 3*a. Calculate the highest common factor of a and 41.
41
Let s = -293 - -294. Let r be 64/s*15/15. What is the greatest common divisor of r and 704?
64
Suppose 0 = 4*x - 150 - 242. Let z(q) = -798*q - 5544. Let t be z(-7). Calculate the greatest common factor of x and t.
14
Let d(w) = 21*w**3 - w**2. Let o be d(1). Let n(i) = 77*i - 1115. Let x be n(15). Calculate the greatest common factor of o and x.
20
Suppose 5*x - 166 = 69. Suppose 142 = 7*b - x. Calculate the highest common divisor of 45 and b.
9
Let k(c) = -29*c + 501. Let t be k(11). Calculate the greatest common divisor of 14 and t.
14
Suppose 13326 = 5*h - 4*z - 1700, h + 3*z = 3009. What is the greatest common factor of 45 and h?
9
Suppose -2*n - r + 8 = 2, -4*n - 2 = -5*r. Suppose 5*g = -5*s + n*g + 279, 0 = -3*s - 5*g + 177. Calculate the highest common divisor of 30 and s.
6
Suppose -30*z + 5664 = -9*z - 4500. Calculate the highest 